{"id":3738,"date":"2021-05-18T13:48:57","date_gmt":"2021-05-18T11:48:57","guid":{"rendered":"https:\/\/beta.svetkamene.eu\/?page_id=3738"},"modified":"2023-03-30T21:09:31","modified_gmt":"2023-03-30T19:09:31","slug":"nabidka-prace","status":"publish","type":"page","link":"https:\/\/svetkamene.eu\/index.php\/cs\/nabidka-prace\/","title":{"rendered":"Nab\u00eddka pr\u00e1ce"},"content":{"rendered":"\r\n\r\n\r\n<div>\r\n<div><strong>Ligranit, a.s.<\/strong><span style=\"color: #3a3a3a; font-family: Arial, Helvetica Neue, Helvetica, sans-serif;\"><br><\/span><\/div>\r\n<div>hled\u00e1 zam\u011bstnance na \u0161t\u00edp\u00e1n\u00ed, vy\u0159ez\u00e1v\u00e1n\u00ed, \u0159ez\u00e1n\u00ed, l\u00e1m\u00e1n\u00ed a&nbsp;opracov\u00e1n\u00ed kamene (libereck\u00e1 \u017eula), obsluha za\u0159\u00edzen\u00ed na zpracov\u00e1n\u00ed kamene, obsluha zdvihov\u00fdch za\u0159\u00edzen\u00ed, t\u011b\u017eebn\u00ed pr\u00e1ce, pneumatick\u00e9 vrt\u00e1n\u00ed.<\/div>\r\n<div>Informace u&nbsp;p.&nbsp;Marka Perni\u010dky,&nbsp;(telefonicky v&nbsp;pracovn\u00ed dny od 8:00 do 17:00 hod), Ligranit, a.s.<br><br><\/div>\r\n<div><strong>&nbsp;<\/strong><\/div>\r\n<div><strong>Tlacha\u010d s.r.o.<\/strong><\/div>\r\n<\/div>\r\n<div>hled\u00e1 zam\u011bstnance na kamenick\u00e9 pr\u00e1ce.<\/div>\r\n<div>Informace u&nbsp;p.&nbsp;Aleny Tlacha\u010dov\u00e9&nbsp;(telefonicky v&nbsp;pracovn\u00ed dny od 8:00 do 16:00 hod),&nbsp;Tlacha\u010d s.r.o.<\/div>\r\n<p><strong><br><br>3K stavby s.r.o.<br><\/strong>hled\u00e1 zam\u011bstnance na pozici kamen\u00edk, pr\u00e1ce v&nbsp;okrese Trutnov, ob\u010das cel\u00e1 \u010cR. Po\u017eadujeme pracovitost, spolehlivost, zodpov\u011bdnost a&nbsp;\u010dist\u00fd trestn\u00ed rejst\u0159\u00edk.<br>informace na telefonu 731&nbsp;484&nbsp;784<br><br><\/p>\r\n\r\n\r\n\r\n<p><strong>Kamenolom Javorka, s.r.o.<br><\/strong>hled\u00e1 zam\u011bstnance p\u0159i&nbsp;t\u011b\u017eb\u011b, zpracov\u00e1n\u00ed kamene a&nbsp;\u00fadr\u017eb\u011b strojn\u00edho vybaven\u00ed. Pr\u00e1ce v&nbsp;L\u00e1zn\u00edch B\u011blohrad\u011b. Typ pracovn\u00edho \u00favazku dle dohody<br>(pln\u00fd, \u010d\u00e1ste\u010dn\u00fd, brig\u00e1da). Vhodn\u00e9 i&nbsp;pro studenty a&nbsp;d\u016fchodce.<br>V p\u0159\u00edpad\u011b z\u00e1jmu volejte na tel. 603&nbsp;998&nbsp;957.<br><br><\/p>\r\n\r\n\r\n\r\n<p>&nbsp;<\/p>\r\n","protected":false},"excerpt":{"rendered":"<p>Ligranit, a.s. hled\u00e1 zam\u011bstnance na \u0161t\u00edp\u00e1n\u00ed, vy\u0159ez\u00e1v\u00e1n\u00ed, \u0159ez\u00e1n\u00ed, l\u00e1m\u00e1n\u00ed a&nbsp;opracov\u00e1n\u00ed kamene (libereck\u00e1 \u017eula), obsluha za\u0159\u00edzen\u00ed&#8230;<\/p>\n","protected":false},"author":13,"featured_media":0,"parent":0,"menu_order":0,"comment_status":"closed","ping_status":"closed","template":"","meta":{"ngg_post_thumbnail":0},"yoast_head":"<!-- This site is optimized with the Yoast SEO plugin v19.1 - https:\/\/yoast.com\/wordpress\/plugins\/seo\/ -->\n<title>Nab\u00eddka pr\u00e1ce - Sv\u011bt Kamene<\/title>\n<meta name=\"robots\" content=\"index, follow, max-snippet:-1, max-image-preview:large, max-video-preview:-1\" \/>\n<link rel=\"canonical\" href=\"https:\/\/svetkamene.eu\/index.php\/cs\/nabidka-prace\/\" \/>\n<meta property=\"og:locale\" content=\"cs_CZ\" \/>\n<meta property=\"og:type\" content=\"article\" \/>\n<meta property=\"og:title\" content=\"Nab\u00eddka pr\u00e1ce - Sv\u011bt Kamene\" \/>\n<meta property=\"og:description\" content=\"Ligranit, a.s. hled\u00e1 zam\u011bstnance na \u0161t\u00edp\u00e1n\u00ed, vy\u0159ez\u00e1v\u00e1n\u00ed, \u0159ez\u00e1n\u00ed, l\u00e1m\u00e1n\u00ed a&nbsp;opracov\u00e1n\u00ed kamene (libereck\u00e1 \u017eula), obsluha za\u0159\u00edzen\u00ed...\" \/>\n<meta property=\"og:url\" content=\"https:\/\/svetkamene.eu\/index.php\/cs\/nabidka-prace\/\" \/>\n<meta property=\"og:site_name\" content=\"Sv\u011bt Kamene\" \/>\n<meta property=\"article:modified_time\" content=\"2023-03-30T19:09:31+00:00\" \/>\n<meta name=\"twitter:card\" content=\"summary_large_image\" \/>\n<meta name=\"twitter:label1\" content=\"Odhadovan\u00e1 doba \u010dten\u00ed\" \/>\n\t<meta name=\"twitter:data1\" content=\"1 minuta\" \/>\n<script type=\"application\/ld+json\" class=\"yoast-schema-graph\">{\"@context\":\"https:\/\/schema.org\",\"@graph\":[{\"@type\":\"WebSite\",\"@id\":\"https:\/\/svetkamene.eu\/#website\",\"url\":\"https:\/\/svetkamene.eu\/\",\"name\":\"Sv\u011bt Kamene\",\"description\":\"Port\u00e1l informuj\u00edc\u00ed o v\u0161em co souvis\u00ed s kamenem\",\"potentialAction\":[{\"@type\":\"SearchAction\",\"target\":{\"@type\":\"EntryPoint\",\"urlTemplate\":\"https:\/\/svetkamene.eu\/?s={search_term_string}\"},\"query-input\":\"required name=search_term_string\"}],\"inLanguage\":\"cs\"},{\"@type\":\"WebPage\",\"@id\":\"https:\/\/svetkamene.eu\/index.php\/cs\/nabidka-prace\/#webpage\",\"url\":\"https:\/\/svetkamene.eu\/index.php\/cs\/nabidka-prace\/\",\"name\":\"Nab\u00eddka pr\u00e1ce - Sv\u011bt Kamene\",\"isPartOf\":{\"@id\":\"https:\/\/svetkamene.eu\/#website\"},\"datePublished\":\"2021-05-18T11:48:57+00:00\",\"dateModified\":\"2023-03-30T19:09:31+00:00\",\"breadcrumb\":{\"@id\":\"https:\/\/svetkamene.eu\/index.php\/cs\/nabidka-prace\/#breadcrumb\"},\"inLanguage\":\"cs\",\"potentialAction\":[{\"@type\":\"ReadAction\",\"target\":[\"https:\/\/svetkamene.eu\/index.php\/cs\/nabidka-prace\/\"]}]},{\"@type\":\"BreadcrumbList\",\"@id\":\"https:\/\/svetkamene.eu\/index.php\/cs\/nabidka-prace\/#breadcrumb\",\"itemListElement\":[{\"@type\":\"ListItem\",\"position\":1,\"name\":\"Dom\u016f\",\"item\":\"https:\/\/svetkamene.eu\/\"},{\"@type\":\"ListItem\",\"position\":2,\"name\":\"Nab\u00eddka pr\u00e1ce\"}]}]}<\/script>\n<!-- \/ Yoast SEO plugin. -->","yoast_head_json":{"title":"Nab\u00eddka pr\u00e1ce - Sv\u011bt Kamene","robots":{"index":"index","follow":"follow","max-snippet":"max-snippet:-1","max-image-preview":"max-image-preview:large","max-video-preview":"max-video-preview:-1"},"canonical":"https:\/\/svetkamene.eu\/index.php\/cs\/nabidka-prace\/","og_locale":"cs_CZ","og_type":"article","og_title":"Nab\u00eddka pr\u00e1ce - Sv\u011bt Kamene","og_description":"Ligranit, a.s. hled\u00e1 zam\u011bstnance na \u0161t\u00edp\u00e1n\u00ed, vy\u0159ez\u00e1v\u00e1n\u00ed, \u0159ez\u00e1n\u00ed, l\u00e1m\u00e1n\u00ed a&nbsp;opracov\u00e1n\u00ed kamene (libereck\u00e1 \u017eula), obsluha za\u0159\u00edzen\u00ed...","og_url":"https:\/\/svetkamene.eu\/index.php\/cs\/nabidka-prace\/","og_site_name":"Sv\u011bt Kamene","article_modified_time":"2023-03-30T19:09:31+00:00","twitter_card":"summary_large_image","twitter_misc":{"Odhadovan\u00e1 doba \u010dten\u00ed":"1 minuta"},"schema":{"@context":"https:\/\/schema.org","@graph":[{"@type":"WebSite","@id":"https:\/\/svetkamene.eu\/#website","url":"https:\/\/svetkamene.eu\/","name":"Sv\u011bt Kamene","description":"Port\u00e1l informuj\u00edc\u00ed o v\u0161em co souvis\u00ed s kamenem","potentialAction":[{"@type":"SearchAction","target":{"@type":"EntryPoint","urlTemplate":"https:\/\/svetkamene.eu\/?s={search_term_string}"},"query-input":"required name=search_term_string"}],"inLanguage":"cs"},{"@type":"WebPage","@id":"https:\/\/svetkamene.eu\/index.php\/cs\/nabidka-prace\/#webpage","url":"https:\/\/svetkamene.eu\/index.php\/cs\/nabidka-prace\/","name":"Nab\u00eddka pr\u00e1ce - Sv\u011bt Kamene","isPartOf":{"@id":"https:\/\/svetkamene.eu\/#website"},"datePublished":"2021-05-18T11:48:57+00:00","dateModified":"2023-03-30T19:09:31+00:00","breadcrumb":{"@id":"https:\/\/svetkamene.eu\/index.php\/cs\/nabidka-prace\/#breadcrumb"},"inLanguage":"cs","potentialAction":[{"@type":"ReadAction","target":["https:\/\/svetkamene.eu\/index.php\/cs\/nabidka-prace\/"]}]},{"@type":"BreadcrumbList","@id":"https:\/\/svetkamene.eu\/index.php\/cs\/nabidka-prace\/#breadcrumb","itemListElement":[{"@type":"ListItem","position":1,"name":"Dom\u016f","item":"https:\/\/svetkamene.eu\/"},{"@type":"ListItem","position":2,"name":"Nab\u00eddka pr\u00e1ce"}]}]}},"_links":{"self":[{"href":"https:\/\/svetkamene.eu\/index.php\/wp-json\/wp\/v2\/pages\/3738"}],"collection":[{"href":"https:\/\/svetkamene.eu\/index.php\/wp-json\/wp\/v2\/pages"}],"about":[{"href":"https:\/\/svetkamene.eu\/index.php\/wp-json\/wp\/v2\/types\/page"}],"author":[{"embeddable":true,"href":"https:\/\/svetkamene.eu\/index.php\/wp-json\/wp\/v2\/users\/13"}],"replies":[{"embeddable":true,"href":"https:\/\/svetkamene.eu\/index.php\/wp-json\/wp\/v2\/comments?post=3738"}],"version-history":[{"count":9,"href":"https:\/\/svetkamene.eu\/index.php\/wp-json\/wp\/v2\/pages\/3738\/revisions"}],"predecessor-version":[{"id":13905,"href":"https:\/\/svetkamene.eu\/index.php\/wp-json\/wp\/v2\/pages\/3738\/revisions\/13905"}],"wp:attachment":[{"href":"https:\/\/svetkamene.eu\/index.php\/wp-json\/wp\/v2\/media?parent=3738"}],"curies":[{"name":"wp","href":"https:\/\/api.w.org\/{rel}","templated":true}]}}